-2).
120
Let y(g) = -5*g**3 - 30*g**2 + 38*g - 4. Calculate y(-7).
-25
Let u(r) = -r**3 - 11*r**2 + 14*r - 52. Determine u(-12).
-76
Let n(i) = 58*i**3 + 25*i**2 + 26*i + 3. Determine n(-1).
-56
Let p(i) = i**3 + 84*i**2 + 604*i - 315. What is p(-76)?
-11
Let w(b) = b**3 + 4*b**2 + 260*b - 789. Give w(3).
54
Let t(y) = y**3 + 10*y**2 - 26*y - 30. Calculate t(-12).
-6
Let o(s) = -3*s**3 + 371*s**2 + 116*s + 988. Determine o(124).
-4
Let s(w) = w**3 - 6*w**2 + 7*w - 7. Calculate s(3).
-13
Let s(z) = -z**3 - 19*z**2 - 15*z - 182. What is s(-18)?
-236
Let w(r) = -137*r + 1100. Calculate w(8).
4
Let h(s) = -s**3 - 33*s**2 - 7*s + 68. Calculate h(-33).
299
Let y(r) = -117*r + 600. Determine y(5).
15
Let i(p) = p**3 - 22*p**2 + 67*p - 208. Determine i(19).
-18
Let o(r) = -12*r - 23. What is o(-9)?
85
Let q(r) = -r - 8. Give q(-18).
10
Let i(d) = -3*d**3 - 23*d**2 - 5*d + 37. What is i(-7)?
-26
Let v(h) = h**3 - 3*h**2 - h - 2. What is v(-5)?
-197
Let o(i) = i**2 - 76*i - 1822. What is o(-19)?
-17
Let u(t) = -10*t**2 - 222*t - 67. Calculate u(-22).
-23
Let t(r) = -r**3 + 16*r**2 + 31*r - 27. Calculate t(-2).
-17
Let i(n) = 1700*n + 20392. Determine i(-12).
-8
Let g(m) = 28657*m - 114621. Determine g(4).
7
Let k(f) = -751*f + 4521. Calculate k(6).
15
Let r(m) = -6*m**2 + 17*m - 2. Determine r(-5).
-237
Let p(q) = 1152*q + 11503. Calculate p(-10).
-17
Let j(y) = -35*y + 940. What is j(17)?
345
Let p(j) = -34*j + 2050. Determine p(60).
10
Let i(p) = -p**2 + 80*p - 377. Calculate i(76).
-73
Let b(i) = 392*i - 394. Determine b(2).
390
Let y(p) = -17*p**2 - 102*p - 121. Calculate y(-6).
-121
Let a(l) = -4*l**2 + 14*l + 394. Give a(-8).
26
Let y(s) = 30*s - 1156. Calculate y(42).
104
Let f(h) = h**2 + 76*h + 923. What is f(-54)?
-265
Let m(a) = -2*a**3 - 15*a**2 + 18*a - 76. Determine m(-9).
5
Let v(q) = -q**3 + 8*q**2 - 28*q + 98. Determine v(6).
2
Let h(g) = g**2 + 62*g + 470. What is h(-54)?
38
Let c(h) = -55*h**2 + 5. What is c(-2)?
-215
Let t(z) = -24*z - 209. Calculate t(-9).
7
Let b(a) = 2*a**2 + 174*a + 513. Give b(-3).
9
Let p(c) = -4*c**2 + 63*c + 80. What is p(17)?
-5
Let a(f) = -16*f**3 + 36*f + 35. Calculate a(-1).
15
Let b(u) = 7*u + 116. Determine b(20).
256
Let d(q) = -240*q - 240. Give d(-1).
0
Let x(a) = -397*a - 317. What is x(-2)?
477
Let t(w) = w**3 - 187*w**2 - 567*w. What is t(-3)?
-9
Let g(h) = h**3 - 13*h**2 - 34*h - 152. Determine g(15).
-212
Let t(c) = 82*c + 877. Calculate t(-8).
221
Let c(x) = 2*x**2 + 39*x - 198. Calculate c(14).
740
Let d(g) = g**2 - 74*g - 573. Give d(0).
-573
Let z(t) = 81*t - 729. Give z(9).
0
Let f(b) = -99*b + 429. Calculate f(5).
-66
Let a(p) = 16*p**3 + 3*p**2 + 7*p + 4. Determine a(-1).
-16
Let r(s) = -2*s**2 + 27*s + 13. What is r(17)?
-106
Let o(q) = -83*q - 4383. What is o(-53)?
16
Let g(u) = u**2 + 201*u + 86. Calculate g(0).
86
Let m(u) = u**3 + 26*u**2 + 37*u - 5. Calculate m(-23).
731
Let i(o) = -o**3 - 160*o**2 - 191*o - 5090. Calculate i(-159).
-2
Let o(n) = n**3 - 22*n**2 + 91*n - 17. Determine o(17).
85
Let j(u) = 491*u - 22549. Calculate j(46).
37
Let y(s) = -s**2 + 109*s - 376. Give y(102).
338
Let y(f) = 433*f + 7400. Calculate y(-17).
39
Let l(w) = -2*w**2 - 68*w - 247. Determine l(-30).
-7
Let z(q) = -5*q**2 + 16*q - 58. Calculate z(7).
-191
Let i(h) = 668*h**3 + 4*h**2 - 20*h + 18. What is i(1)?
670
Let z(d) = d**3 - 38*d**2 + 156*d - 86. What is z(4)?
-6
Let b(c) = -11*c**2 - 91*c - 451. Calculate b(-5).
-271
Let i(g) = 4*g**3 + 2*g**2 - 18*g + 151. Calculate i(6).
979
Let k(b) = -15*b + 64. What is k(27)?
-341
Let c(s) = 66*s**2 + 6*s + 1. What is c(-1)?
61
Let z(l) = 2*l**2 - 42*l - 19. Give z(22).
25
Let x(w) = -3273*w - 9809. Calculate x(-3).
10
Let z(n) = n**2 + 599*n + 36122. Calculate z(-68).
14
Let h(y) = -12*y**3 + 5*y**2 - 6*y + 2. Calculate h(2).
-86
Let m(y) = y**3 + 19*y**2 - 24*y - 412. What is m(-19)?
44
Let z(h) = h**3 + 7*h**2 - 129*h - 38. Determine z(-16).
-278
Let c(i) = i**2 - 51*i + 585. What is c(16)?
25
Let q(v) = v**3 - 39*v - 7. What is q(6)?
-25
Let j(r) = r**3 - 167*r**2 + 5563*r + 362. Determine j(121).
-1
Let m(w) = 22*w - 78. Determine m(1).
-56
Let g(x) = x**2 + 3*x - 15. Give g(-6).
3
Let d(b) = 883*b + 11521. Calculate d(-13).
42
Let n(a) = a**2 + a - 491. Determine n(19).
-111
Let p(z) = 101*z + 45. What is p(0)?
45
Let a(q) = -285*q + 27923. Calculate a(98).
-7
Let z(b) = -b + 129. What is z(18)?
111
Let k(m) = -6*m**3 + 54*m**2 - 108*m - 5. What is k(2)?
-53
Let f(v) = 37*v + 184. What is f(-4)?
36
Let v(f) = -17*f**2 + 171*f - 312. Give v(8).
-32
Let n(y) = -28*y - 25. Calculate n(0).
-25
Let v(p) = -57*p - 440. What is v(-7)?
-41
Let w(u) = -u**2 + 70*u + 1492. Determine w(-17).
13
Let w(r) = 20*r**2 - 230*r + 9. Calculate w(11).
-101
Let m(s) = -153*s**2 + 22*s. Determine m(1).
-131
Let v(k) = 4*k**3 + 3*k**2 - 19*k - 66. Give v(-3).
-90
Let g(b) = 36*b + 701. Determine g(-20).
-19
Let v(u) = u**2 + 35*u - 3608. Calculate v(45).
-8
Let z(c) = -4*c**2 + 288*c + 307. Determine z(73).
15
Let o(d) = -d**3 - 78*d**2 + 83*d - 6. What is o(1)?
-2
Let d(o) = o**2 + 16*o - 84. Give d(4).
-4
Let g(d) = -d**3 + 302*d**2 - 852*d - 13459. What is g(299)?
-4
Let o(w) = -202*w - 4937. Give o(-24).
-89
Let h(u) = 100*u + 988. Calculate h(-10).
-12
Let v(w) = -6*w - 44. Calculate v(-12).
28
Let h(x) = -20*x - 208. What is h(-10)?
-8
Let x(b) = -4927*b - 133027. What is x(-27)?
2
Let n(i) = -307*i - 31961. What is n(-104)?
-33
Let z(d) = -d**3 - 11*d**2 - 9*d - 110. Determine z(-12).
142
Let g(l) = l**3 + l**2 - 15*l - 37. What is g(-2)?
-11
Let k(q) = -q**2 + 80*q + 642. Give k(87).
33
Let b(v) = -2*v**2 + 169*v - 2131. Determine b(69).
8
Let g(a) = -58*a**2 + 128*a - 8. What is g(2)?
16
Let f(p) = -519*p - 11415. Determine f(-22).
3
Let b(k) = -k**2 - 19*k + 54. Determine b(-17).
88
Let b(k) = -k**3 + 32*k**2 - 64*k - 64. Give b(30).
-184
Let h(w) = 40*w - 112. What is h(3)?
8
Let q(k) = k**3 + 25*k**2 - 57*k - 65. What is q(-27)?
16
Let n(r) = r**2 - 13*r - 79. Determine n(8).
-119
Let n(j) = -j**3 + 11*j**2 + 14*j - 19. Determine n(13).
-175
Let z(v) = 59*v**3 + v**2 + 3*v + 5. Calculate z(-2).
-469
Let n(q) = -218*q - 19755. Calculate n(-91).
83
Let k(s) = -249*s - 17201. What is k(-69)?
-20
Let s(q) = -134*q + 1728. Give s(12).
120
Let z(t) = t**2 - 374*t + 17806. What is z(56)?
-2
Let o(k) = 233*k - 1169. Determine o(5).
-4
Let m(k) = 3*k**2 + 58*k - 8. What is m(-18)?
-80
Let m(j) = -7*j + 13. Calculate m(-1).
20
Let i(o) = -2*o**3 - 2*o + 15. What is i(4)?
-121
Let p(x) = -77*x + 1462. Give p(19).
-1
Let v(m) = -43*m + 102. Calculate v(6).
-156
Let y(u) = -u**3 + 7*u**2 - 5*u - 8. Calculate y(4).
20
Let a(y) = 3*y**2 - 1082*y + 17196. Give a(344).
-4
Let b(c) = 2*c**3 - 2*c**2 + 12*c - 7. What is b(3)?
65
Let f(k) = 2*k**2 + 24*k - 220. Determine f(5).
-50
Let l(y) = -7*y**2 + 2*y + 57. Give l(7).
-272
Let v(w) = 70*w - 4714. Calculate v(67).
-24
Let w(f) = -f**3 + 14*f**2 + 97*f - 52. Determine w(19).
-14
Let t(b) = -6*b**2 + 46*b + 8. Determine t(8).
-8
Let a(k) = -2*k**3 - 31*k**2 - 72*k - 35. Give a(-2).
1
Let z(s) = -s**3 - 9*s**2 - 43*s - 218. Determine z(-6).
-68
Let z(l) = 12160*l - 72962. Calculate z(6).
-2
Let c(s) = -3*s**2 - 47*s + 64. Calculate c(13).
-1054
Let m(a) = 72*a + 11. Determine m(3).
227
Let d(p) = 3*p**2 - 14*p - 29. Determine d(4).
-37
Let v(k) = -k**3 - 6*k**2 + 9*k - 3. Give v(1).
-1
Let u(a) = -4*a**3 - 24*a**2 + 134*a + 11. Give u(4).
-93
Let i(j) = -j**2 + 367*j + 1102. Calculate i(-3).
-8
Let l(i) = 23*i**2 + 3*i - 12. Calculate l(3).
204
Let j(g) = -500*g + 21003. Determine j(42).
3
Let c(v) = 10583*v + 105832. Calculate c(-10).
2
Let v(y) = -y**3 + 2*y**2 + y + 12. What is v(-4)?
104
Let n(i) = -402*i - 6424. Calculate n(-16).
8
Let c(u) = -18926*u + 94628. Determine c(5).
-2
Let m(i) = -21*i + 54. Give m(3).
-9
Let x(j) = -7*j**2 - 30*j + 3. Determine x(-8).
-205
Let x(k) = -259*k**2 + 1299*k - 15. Determine x(5).
5
Let t(l) = -2*l**2 - 19*l + 42. Determine t(-15).
-123
Let j(f) = -f**3 + 81*f**2 + 240*f + 1008. Calculate j(84).
0
Let u(k) = 214*k - 1445. Give u(7).
53
Let j(q) = -17*q + 7. Give j(12).
-197
Let x(b) = -48*b**2 - 913*b - 20. Determine x(-19).
-1
Let x(o) = -1907*o - 3817. Calculate x(-2).
-3
Let r(v)